Suppose 62 - 17 = 5*n. Calculate the greatest common divisor of y and n.
1
Let m(l) = -2*l**2 + 49*l + 96. Let q be m(26). Calculate the highest common factor of 873 and q.
9
Let z(m) = -16*m**2 + 158*m - 10. Let s be z(7). Calculate the highest common divisor of s and 10764.
156
Let d(j) = 13*j**2 + 112*j + 319. Let q be d(-3). What is the greatest common divisor of 2300 and q?
100
Let p = 15854 - 15770. Calculate the highest common divisor of p and 196.
28
Let t = 27 + 33. Let l be 139 + 34/6*-6. Calculate the highest common divisor of t and l.
15
Suppose -10*n - 18 = -12*n. Suppose 0 = 3*h + 5*m - 277, -2*h - 5*m + 660 - 482 = 0. What is the greatest common factor of h and n?
9
Let v = 29804 - 23338. Calculate the greatest common divisor of v and 530.
106
Let k be (-2 + 1)/((-3)/9). Let w be (-5 + 264)*(-7 - -6). Let f = w - -283. Calculate the highest common factor of k and f.
3
Suppose 43*y + 546*y - 4941 = 2127. Suppose 9 = 3*u - 3. Suppose -5*x = -3*f - 51, -u*x - f + 63 = x. What is the highest common divisor of y and x?
12
Let q = 16 + -1. Let b = 9 - q. Let t be (-1221)/b - (0 - 6/4). Calculate the greatest common factor of 82 and t.
41
Let r be ((-792)/55)/((-1)/(30/4)). Let g(q) = -q**2 - 11*q - 20. Let d be g(-8). Calculate the greatest common divisor of r and d.
4
Suppose 24*x - 22100 = 45*x - 47*x. What is the highest common factor of 136 and x?
34
Let v(x) = -7*x + 108. Let w be v(-13). Suppose -2*m + 211 = -8*o + 9*o, o = -5*m + w. Calculate the greatest common factor of o and 511.
73
Let j(k) = -k**3 + 5*k**2 + 978*k + 42. Let p be j(-29). What is the highest common factor of p and 50?
2
Let c(b) = 2*b**3 - 54*b**2 - 114*b - 52. Let m be c(29). Calculate the greatest common divisor of m and 2036.
2
Let i = 11 - 8. Suppose -2*o - w = -3*o + 15, -30 = -2*o + i*w. Suppose -26 = 42*h - 446. Calculate the greatest common factor of o and h.
5
Let f = 9 - 7. Let s = 6 + f. Let z(p) = 3*p**2 + 29*p + 144. Let k be z(-7). Calculate the highest common divisor of s and k.
8
Suppose -232*q = -2204 - 2668. Suppose 68 = 4*g + 12. Let t be 12*g/(-4)*-1. Calculate the greatest common factor of t and q.
21
Let f(h) = 4*h - 20. Let u be f(14). Let a = -26 + u. Let v be (a - -2)/((-2)/(-8)). Calculate the highest common divisor of 6 and v.
6
Let k = -21 + 38. Suppose 15*v - 12*v = -3*s + 195, 2*s + 4*v = 124. What is the greatest common factor of k and s?
17
Let a be ((-689)/52)/1 + 14 + 3922/8. Calculate the highest common factor of 3 and a.
1
Let q be (-3 - 0)/((-111)/22792). What is the highest common divisor of q and 198?
22
Suppose -17*k = -6*k + 22. Suppose 2*b - b = -248. Let h be b/2*k/4. What is the greatest common factor of 93 and h?
31
Let y = 2012 - 1997. Calculate the highest common divisor of y and 6690.
15
Let j be -2 - (4 + 3 + -4). Let o be (2 + 1/j)/(5/50). Let b(a) = -44*a + 1. Let q be b(-1). Calculate the highest common divisor of o and q.
9
Let l(s) = 8*s - 46. Let y be l(6). Let z(i) = 2*i**2 + 2*i + 3. Let j be z(y). What is the greatest common factor of 105 and j?
15
Let u(d) = 2*d**3 + 3*d**2 - 7*d - 2. Let m be u(5). Suppose 91*n - m = 85*n. Calculate the greatest common divisor of 36 and n.
12
Let c be (-1)/3 + (2123700/(-45))/20. Let f be (-2 - (0 + 0))/(59/c). What is the greatest common factor of f and 260?
20
Let b be (-1)/(4/(-204)) - 3. Suppose 235 - 171 = 4*d. What is the greatest common divisor of b and d?
16
Let v(y) = 5*y + 30. Let z be v(-5). Suppose -42 = -n + 2*f, z*n - 83 - 119 = 2*f. What is the highest common divisor of n and 180?
20
Suppose -10 = -q - 8, 3*q = -3*s + 1590. Calculate the highest common divisor of s and 242.
22
Let o = 1036 + -1065. Let x be (-28 - o)*(-200)/(-1). Suppose -r - 4*j + 48 = 11, -3*j + 109 = 4*r. Calculate the greatest common factor of r and x.
25
Let n(k) = -10*k + 295. Suppose 18*b + 31 = 373. Let s be n(b). What is the greatest common factor of s and 120?
15
Let x(h) = -1236*h + 277. Let f be x(-5). What is the highest common divisor of f and 11?
11
Let f(r) = -2*r**3 + 23*r**2 - 8*r - 52. Let j be f(8). Calculate the greatest common factor of 2075 and j.
83
Let l = -4108 + 4129. Calculate the highest common factor of l and 189.
21
Suppose 7*z = 13*z. Let f be (-1 - -2)*(z + 43). What is the highest common factor of 43 and f?
43
Let u = 2428 - 2352. What is the highest common factor of u and 627?
19
Let q(w) = w**2 + 2*w - 13. Let h be q(-6). Let j = 7 - 6. Suppose j = g, -5*m + 59 = -4*m + 4*g. What is the greatest common factor of h and m?
11
Let p be -5*((-15)/(-50))/(6/(-1288)). What is the highest common divisor of p and 598?
46
Let r = -467 + 479. Calculate the greatest common divisor of 942 and r.
6
Let s = 50444 + -34869. What is the highest common factor of 89 and s?
89
Suppose -2*h = 2 - 54. Let z = 64 + h. Suppose d - 1 - 10 = -s, -4*d - 2*s = -42. What is the greatest common divisor of z and d?
10
Let z(a) be the third derivative of -13*a**4/12 + 12*a**2. Let n be z(-7). Suppose -28 = -0*y - 2*y. What is the highest common factor of y and n?
14
Let k be (1 + 7 - 34)*-2*(-7)/(-28). Let t = -2 - -1. Let x be ((39 + 0)/(-1))/t. What is the highest common divisor of k and x?
13
Let v(d) = d**2 - 9*d - 68. Let n be v(14). Suppose -n*u - 34 = -4*u. What is the greatest common factor of 2 and u?
1
Let n(x) = 3*x**2 + 41*x - 334. Let u be n(6). Calculate the highest common factor of u and 980.
20
Let h be 23 + (21 - 45 - -7). Let u = 62 - 32. Let t = u - -24. Calculate the highest common divisor of h and t.
6
Let a = -10580 + 10581. Let v = 3 + 0. Let j be (10/v)/(2/6). Calculate the highest common divisor of j and a.
1
Let r = -2159 - -2438. What is the greatest common factor of 403 and r?
31
Suppose -i + 45 + 24 = 0. Suppose -11507*r = -11489*r - 828. What is the greatest common divisor of r and i?
23
Let u(d) be the first derivative of d**4/4 + 2*d**3/3 + 306*d + 128. Let q be u(0). Let z = -6 - -40. Calculate the highest common factor of q and z.
34
Let g = -3318 - -3325. What is the highest common factor of g and 119?
7
Let n = 110874 - 110838. Let v(m) be the second derivative of 5*m**4/12 + m**3 - 5*m**2/2 + m. Let q be v(-5). Calculate the greatest common divisor of n and q.
18
Suppose 0 = -57*x + 137*x - 18480. Calculate the greatest common factor of x and 112.
7
Suppose 2*z + 3*p - 2860 = 0, -6*p = 3*z - 4*p - 4280. Let h = z - 864. What is the greatest common divisor of h and 16?
16
Suppose 0 = -4*c + 7*c + 144. Let q = c + 236. Let f be q + 1 - (-1 - -1). What is the greatest common divisor of 27 and f?
27
Let f be (131 - -1)*(8 - (-261)/(-36)). Let o be 5328/f + 4/22. Calculate the highest common divisor of 18 and o.
18
Suppose 7*c - 133 = -14. Let i be (((-2)/8)/(-1))/(120/1440). Let r be i/(9/(-6)*(-2)/c). What is the highest common divisor of 17 and r?
17
Let n be 12/(-42) + 102/14 + 3. Suppose n*o - 6*o - 240 = 0. Suppose -3*x + o = -102. What is the greatest common divisor of x and 27?
27
Suppose 92*k + 7077 = 108*k + 37. What is the highest common divisor of k and 40?
40
Suppose 28 = -162*p + 363 + 151. What is the greatest common factor of 154 and p?
1
Let b = 89 - 5. Let z be (-34)/(-8) + 63/b. Calculate the highest common divisor of 55 and z.
5
Let z be (-7 - 297/(-63))/(4/(-14)). Suppose 3*m - 5*g - z = 0, -g + 54 = 4*m + g. What is the highest common factor of m and 121?
11
Suppose -4*j - 7 = -9*j + x, 15 = 5*j - 5*x. Suppose 2*y - 9 = -j. Let n be (-32 + -4 + y)*-1. What is the greatest common factor of n and 4?
4
Let h = 800 + -467. Let p = 355 - h. Calculate the highest common divisor of 10 and p.
2
Suppose 3*w + 2*a = 526, -5*w + 5*a = -33 - 852. Let f = -69 - 248. Let c = 333 + f. What is the greatest common factor of w and c?
16
Let z(w) = 6 - 4 + 5*w**2 - 22*w - 12*w + 43*w. Let r be z(-3). What is the highest common factor of r and 10?
10
Let w be (-112374)/(-8) - -1 - (-48)/(-64). Calculate the highest common divisor of w and 11.
11
Let g be (3/(-6))/((-54)/9720). Calculate the highest common factor of g and 370.
10
Suppose 4*z - 8 = 2*k + 4, -z = 2*k - 3. Let n(r) = 28*r**2 + 12*r. Let h be n(z). Calculate the greatest common divisor of h and 18.
18
Suppose -20 = -4*k, 12*k + 2148 = 4*g + 16*k. What is the highest common diviso